- 23*s**2 - 20*s - 26. What are the prime factors of w(-18)?
2, 2273
Let w(z) = 916*z + 44. List the prime factors of w(2).
2, 7, 67
Let v = -44 + 47. Suppose -v*a = -4*m - 188, -m + 54 + 18 = a. What are the prime factors of a?
2, 17
Suppose -v = -4*m - 8, -1 = -3*m - v - 0*v. Let j = 18 + -12. Let b = j - m. What are the prime factors of b?
7
Let t(r) = 10*r**2 - 18*r + 11. What are the prime factors of t(-10)?
3, 397
Let v(f) = f**3 - 8*f**2 - 8*f - 3. Let x(c) = c - 2. Let a be x(11). Let h be v(a). What are the prime factors of h/(-15) + 47/5?
3
Suppose 28*b = 22*b - 1470. Let u = 352 + b. List the prime factors of u.
107
Let g = 8953 - 6386. List the prime factors of g.
17, 151
Let r(t) = -13*t - 3. Let p be 1*-12*4/(-8). Let b be r(p). Let q = -55 - b. List the prime factors of q.
2, 13
Let s = -39 - -40. What are the prime factors of (-3)/1 - (s + 45/(-1))?
41
Let w be (-1 - (-10)/14)*-7. Let k(l) = l**2 - 1. Let u be k(w). Suppose 9 + 60 = u*o. What are the prime factors of o?
23
Suppose -1 = -3*c + 5. Let w be c*3/(-6) + -15. List the prime factors of 12/w*18*-2.
3
Let p(w) = -13*w - 15. Let z(f) = 14*f + 16. Let k(q) = -5*p(q) - 6*z(q). Suppose -6*m = -m + 25. List the prime factors of k(m).
2, 37
Let q(b) = 2*b**2 + 64*b + 371. List the prime factors of q(-46).
3, 7, 79
Let q be (-20 + 26)*(-14)/(-4). List the prime factors of (q + 23)/((0 - -1) + 1).
2, 11
Let o be -18 + 15 + (1 - -6). List the prime factors of -68*((-3)/o)/3.
17
Suppose -h + 2*x = -2853, 5977 = 3*h - 4*x - 2580. List the prime factors of h.
2851
Let d = -101 + 191. Suppose x = 3*n + n - d, -86 = -4*n + 3*x. What are the prime factors of n?
23
Suppose d = -84 - 10. Let o = -188 - -137. Let j = o - d. List the prime factors of j.
43
Let x(n) = n. Let l(u) = -5*u - 6. Let f(a) = l(a) + 4*x(a). Let i be f(-8). Suppose -15 = 2*k - i*d - 67, 32 = k + d. List the prime factors of k.
29
Let l = -54 + 125. Let a = 9 + l. List the prime factors of a.
2, 5
Suppose 0 = 2*b - 497 - 145. List the prime factors of b.
3, 107
Let i(y) = -y**3 + 7*y**2 + y - 5. Let w be i(6). Let o = w + -15. Let k = o - 11. What are the prime factors of k?
11
Suppose -4*m = -l + 134 + 462, -4*m + 1852 = 3*l. List the prime factors of l.
2, 3, 17
Suppose 0 = -5*j + 2*f + 5472, 4*j - 376 - 3999 = -f. What are the prime factors of j?
2, 547
Let n(x) = x - 2. Let l be n(7). Suppose -5*j = -5*m - 3*j + 142, -130 = -l*m + 5*j. List the prime factors of m.
2, 3, 5
Let b(c) = -c + 1. Let r(k) = -k**2 + 19*k - 22. Let y(g) = -6*b(g) - r(g). Let l be y(11). What are the prime factors of -6*l/(-8)*-4?
2, 3
Let y be (-4)/10*(7 + -2). Let l = y + -1. Let m(o) = -10*o - 2. What are the prime factors of m(l)?
2, 7
Suppose 8*z + 657 = -z. Let l = z + 98. What are the prime factors of l?
5
Let j(r) = 7*r**2 + 32*r - 243. What are the prime factors of j(8)?
461
Let f(u) = -u**3 - 8*u**2 - 11*u + 6. List the prime factors of f(-9).
2, 3, 31
Let i = -3155 - -5418. List the prime factors of i.
31, 73
Let g(x) = -x**2 - 14*x + 1. Let k be g(-13). Let j = k + 17. List the prime factors of j.
31
Let r be ((-1356)/(-7))/((-10)/(-35)). Suppose r = -5*q + 8*q. List the prime factors of q.
2, 113
Suppose -5*b + b + 7088 = 0. List the prime factors of 6/(-27) - b/(-36).
7
Suppose 0*u - 5*j = 2*u - 9, j + 5 = 3*u. Let b(p) = -3*p + 1 - 7 - 2 + p**u. What are the prime factors of b(-3)?
2, 5
Suppose 2*h + 2*h - 16 = 0. Suppose -12 = h*j, -w - 2*w + 5*j + 24 = 0. Suppose 2*o = -3*c + 25, 3*o + 0*o = -w*c + 42. What are the prime factors of o?
17
Suppose -4*k + 1800 = 4*o, 3*k - 575 = -2*o + 323. List the prime factors of o.
2, 113
Suppose -z + 9 = 5*b - 17, -4*b = 4*z - 120. Let q = z + 10. List the prime factors of (q - 2) + 4/4.
2, 5
Let b = 1367 - 643. What are the prime factors of b?
2, 181
Let k be (-4)/(-6)*120/(-16). Let i(s) = s**3 + 3*s**2 + s. Let y be i(k). List the prime factors of (-1255)/y - 2/(-11).
23
Suppose -371 = -q - 4*y, -4*y = 3*q - 6*y - 1113. What are the prime factors of q?
7, 53
Let y(d) = 5*d**2 - 2. Let z be y(-2). Suppose -145 = 5*j - 4*o, z = -2*j - 2*o - 22. Let h = j - -41. List the prime factors of h.
2
Suppose 4*p + 2580 = 7*p. Suppose -13*k + 18*k = p. What are the prime factors of k?
2, 43
Let c(u) = -u + 8. Let h be c(6). Suppose -2*t - 3*t - 5 = 0, -4*w + 26 = -h*t. What are the prime factors of (-3)/(1 - 4)*w?
2, 3
Let v be 14/42*(-5 - 1). Let g be v/7 - 2480/(-56). Let a = 84 - g. What are the prime factors of a?
2, 5
Let s be 1/((-18)/(-45) - 287/705). What are the prime factors of 2*(-6)/4 - (-1 + s)?
139
Let f be -4*(-9)/2 - 2. Suppose w = f + 3. What are the prime factors of w?
19
Let l(f) = 15*f - 55. Let v(j) = 5*j - 18. Let m(u) = 6*l(u) - 17*v(u). List the prime factors of m(12).
2, 3
Let j(a) = -a**3 - 8*a**2 + 21*a + 10. Let g be j(-10). Let u be (41/3)/((-2)/(-24)). Suppose 4*x - u = -4*t - g*x, -4 = -4*x. List the prime factors of t.
2, 5
Suppose 8*b + 24 = 11*b. Let o = 55 + b. What are the prime factors of o?
3, 7
Suppose 5*j - 6*j = -2*x - 620, -3*j + 1820 = 4*x. List the prime factors of j.
2, 3, 17
What are the prime factors of 5/25*-4 + 3274/5?
2, 3, 109
Suppose 25*v - 128083 = -44433. List the prime factors of v.
2, 7, 239
Let m = 420 + -74. List the prime factors of m.
2, 173
Suppose -5*c = -661 - 389. What are the prime factors of c?
2, 3, 5, 7
Let k be (2 + 1)/(-2 - -5). Let f(h) = 2 + 0 + 11*h - 2. What are the prime factors of f(k)?
11
Suppose 0 = 4*s + 16, 3*h - s = 4802 + 5099. List the prime factors of h.
3299
Let y be (((-2)/2)/(-2))/((-10)/(-220)). Suppose y*z - 6*z = 430. What are the prime factors of z?
2, 43
Let p(i) = 4 - i**3 + 62*i**2 + 16 - 77*i**2 - 18*i. Let r be p(-14). Suppose -5*m = 2*j - 196, -47 = -3*m - 3*j + r. What are the prime factors of m?
2, 19
Suppose 9*t = 3*t + 11778. What are the prime factors of t?
13, 151
Let c = 9 - -59. Suppose -5*h - 18 + c = 0. List the prime factors of 40*(18/h - 1).
2
Suppose 9*r - 39 = -4*r. Suppose y = r*f - 564, 366 = 4*f - 2*f - 4*y. List the prime factors of f.
3, 7
Suppose 79*t - 130680 = 35*t. What are the prime factors of t?
2, 3, 5, 11
Suppose -u + 103 + 43 = 0. What are the prime factors of u?
2, 73
Suppose -88 + 380 = 5*x + l, 4*l = -12. What are the prime factors of x?
59
Let d be 2*(11 - (5 + -1)). Let o be d/63 + (-223)/(-9). Let j = 62 - o. List the prime factors of j.
37
Suppose 3*r = 4*r + 9. List the prime factors of (56/12)/((-6)/r).
7
Suppose 4*l - 1582 = 16*u - 14*u, 0 = -4*l + 3*u + 1577. List the prime factors of l.
2, 199
Suppose 1254 = 227*m - 226*m. What are the prime factors of m?
2, 3, 11, 19
Let p = 15 + -4. Suppose 30 = 16*l - p*l. What are the prime factors of 6/9*l + 25?
29
Suppose 8*m - 5*n = -n + 5140, 4*m - 2585 = 5*n. List the prime factors of m.
2, 5
Let j be (78/6)/((-2)/10). Let s be j*8/(-60)*12. Suppose -i = -2*a - 29, -5*i - 5*a = -11 - s. List the prime factors of i.
5
Let r(y) = 2*y**2 - 58*y - 4. List the prime factors of r(41).
2, 5, 7
Suppose -4 = -4*h, s + 5*h - 590 = 14. What are the prime factors of s?
599
What are the prime factors of (-3)/2*(-774508)/417?
2, 7, 199
Let v be (1/3)/((-1)/(-15)). Let f(u) = 4*u - 4*u + 3*u + v + 2*u + u**3 + 6*u**2. What are the prime factors of f(-4)?
17
Let y(d) = 28*d**2 - 31*d - 102. What are the prime factors of y(-7)?
1487
Let l(f) = -f**2 - 4*f + 1. Let v be l(-4). Let y = -12 + 18. Suppose c - v - y = 0. What are the prime factors of c?
7
Let g(f) = -f**2 - 7*f + 12. Let j be g(-8). Let s be 1/(j*4/80). Suppose s*c = 8*c - 75. List the prime factors of c.
5
Suppose -y = 4*p - 0*y - 37, 0 = -2*p + 2*y + 16. Let q(t) = 2*t + 0*t - p + 0*t + t**2. What are the prime factors of q(-7)?
2, 13
Let q = 23 + -41. Let i = -14 - q. Suppose -5*r + i*p + 140 = 0, -r + 5*p = 4*r - 145. What are the prime factors of r?
2, 3
Suppose 198*z + 34125 = 219*z. What are the prime factors of z?
5, 13
Suppose 9*r - 3*z = 4*r - 1475, 1475 = -5*r - 3*z. Let c = r + 461. List the prime factors of c.
2, 83
Let u = 1146 + -832. What are the prime factors of u?
2, 157
Let c be 8 + -4 + 4*-5. What are the prime factors of (-1204)/c + (-1 + 3)/(-8)?
3, 5
Suppose 10*n = 12*n + y - 893, 1787 = 4*n + y. What are the prime factors of n?
3, 149
Let f(c)